CRAN Package Check Results for Package openintro

Last updated on 2022-12-01 09:55:15 CET.

Flavor Version Tinstall Tcheck Ttotal Status Flags
r-devel-linux-x86_64-debian-clang 2.4.0 40.61 206.41 247.02 OK
r-devel-linux-x86_64-debian-gcc 2.4.0 33.52 150.93 184.45 OK
r-devel-linux-x86_64-fedora-clang 2.4.0 306.79 NOTE
r-devel-linux-x86_64-fedora-gcc 2.4.0 298.29 NOTE
r-devel-windows-x86_64 2.4.0 146.00 363.00 509.00 NOTE
r-patched-linux-x86_64 2.4.0 41.85 177.79 219.64 OK
r-release-linux-x86_64 2.4.0 39.79 178.59 218.38 OK
r-release-macos-arm64 2.4.0 88.00 NOTE
r-release-macos-x86_64 2.4.0 116.00 NOTE
r-release-windows-x86_64 2.4.0 181.00 337.00 518.00 NOTE
r-oldrel-macos-arm64 2.4.0 86.00 NOTE
r-oldrel-macos-x86_64 2.4.0 114.00 NOTE
r-oldrel-windows-ix86+x86_64 2.4.0 69.00 247.00 316.00 NOTE

Check Details

Version: 2.4.0
Check: installed package size
Result: NOTE
     installed size is 5.1Mb
     sub-directories of 1Mb or more:
     data 4.2Mb
Flavors: r-devel-linux-x86_64-fedora-clang, r-devel-windows-x86_64, r-release-macos-arm64, r-release-macos-x86_64, r-release-windows-x86_64, r-oldrel-macos-arm64, r-oldrel-macos-x86_64, r-oldrel-windows-ix86+x86_64

Version: 2.4.0
Check: data for non-ASCII characters
Result: NOTE
     Note: found 2524 marked UTF-8 strings
Flavors: r-devel-linux-x86_64-fedora-clang, r-devel-linux-x86_64-fedora-gcc, r-release-macos-arm64, r-release-macos-x86_64, r-oldrel-macos-arm64, r-oldrel-macos-x86_64