CRAN Package Check Results for Package onewaytests

Last updated on 2022-01-25 09:48:44 CET.

Flavor Version Tinstall Tcheck Ttotal Status Flags
r-devel-linux-x86_64-debian-clang 2.6 6.94 73.62 80.56 OK
r-devel-linux-x86_64-debian-gcc 2.6 7.31 54.47 61.78 OK
r-devel-linux-x86_64-fedora-clang 2.6 97.22 OK
r-devel-linux-x86_64-fedora-gcc 2.6 85.75 OK
r-devel-windows-x86_64-new-UL 2.6 74.00 88.00 162.00 OK
r-devel-windows-x86_64-new-TK 2.6 ERROR
r-patched-linux-x86_64 2.6 5.69 66.88 72.57 OK
r-release-linux-x86_64 2.6 5.20 66.85 72.05 OK
r-release-macos-arm64 2.6 OK
r-release-macos-x86_64 2.6 OK
r-release-windows-ix86+x86_64 2.6 17.00 83.00 100.00 OK
r-oldrel-macos-x86_64 2.6 OK
r-oldrel-windows-ix86+x86_64 2.6 16.00 82.00 98.00 OK

Check Details

Version: 2.6
Check: package dependencies
Result: ERROR
    Package required but not available: 'car'
    
    Package suggested but not available for checking: 'AID'
    
    See section 'The DESCRIPTION file' in the 'Writing R Extensions'
    manual.
Flavor: r-devel-windows-x86_64-new-TK