Last updated on 2023-03-30 09:55:17 CEST.
Flavor | Version | Tinstall | Tcheck | Ttotal | Status | Flags |
---|---|---|---|---|---|---|
r-devel-linux-x86_64-debian-clang | 3.0.0 | 103.59 | 220.90 | 324.49 | OK | --no-vignettes |
r-devel-linux-x86_64-debian-gcc | 3.0.0 | 58.15 | 163.05 | 221.20 | OK | --no-vignettes |
r-devel-linux-x86_64-fedora-clang | 3.0.0 | 1121.48 | OK | |||
r-devel-linux-x86_64-fedora-gcc | 3.0.0 | 1066.46 | OK | |||
r-devel-windows-x86_64 | 3.0.0 | 137.00 | 0.00 | 137.00 | NOTE | |
r-patched-linux-x86_64 | 3.0.0 | 74.97 | 209.27 | 284.24 | OK | --no-vignettes |
r-release-linux-x86_64 | 3.0.0 | 72.17 | 210.15 | 282.32 | OK | --no-vignettes |
r-release-macos-arm64 | 3.0.0 | 224.00 | OK | |||
r-release-macos-x86_64 | 3.0.0 | 393.00 | OK | |||
r-release-windows-x86_64 | 3.0.0 | 149.00 | 797.00 | 946.00 | OK | |
r-oldrel-macos-arm64 | 3.0.0 | 232.00 | OK | |||
r-oldrel-macos-x86_64 | 3.0.0 | 399.00 | OK | |||
r-oldrel-windows-ix86+x86_64 | 3.0.0 | 202.00 | 869.00 | 1071.00 | OK |
Version: 3.0.0
Check: C++ specification
Result: NOTE
Specified C++11: please drop specification unless essential
Flavor: r-devel-windows-x86_64