CRAN Package Check Results for Package oddsapiR

Last updated on 2022-12-06 10:51:57 CET.

Flavor Version Tinstall Tcheck Ttotal Status Flags
r-devel-linux-x86_64-debian-clang 0.0.1 8.00 67.12 75.12 OK
r-devel-linux-x86_64-debian-gcc 0.0.1 5.43 49.63 55.06 OK
r-devel-linux-x86_64-fedora-clang 0.0.1 105.67 NOTE
r-devel-linux-x86_64-fedora-gcc 0.0.1 98.18 NOTE
r-devel-windows-x86_64 0.0.1 18.00 90.00 108.00 OK
r-patched-linux-x86_64 0.0.1 7.69 60.84 68.53 OK
r-release-linux-x86_64 0.0.1 7.66 61.64 69.30 OK
r-release-macos-arm64 0.0.1 29.00 NOTE
r-release-macos-x86_64 0.0.1 39.00 NOTE
r-release-windows-x86_64 0.0.1 19.00 89.00 108.00 OK
r-oldrel-macos-arm64 0.0.1 26.00 NOTE
r-oldrel-macos-x86_64 0.0.1 39.00 NOTE
r-oldrel-windows-ix86+x86_64 0.0.1 18.00 87.00 105.00 OK

Check Details

Version: 0.0.1
Check: data for non-ASCII characters
Result: NOTE
     Note: found 4 marked UTF-8 strings
Flavors: r-devel-linux-x86_64-fedora-clang, r-devel-linux-x86_64-fedora-gcc, r-release-macos-arm64, r-release-macos-x86_64, r-oldrel-macos-arm64, r-oldrel-macos-x86_64