Last updated on 2023-03-27 09:50:21 CEST.
Flavor | Version | Tinstall | Tcheck | Ttotal | Status | Flags |
---|---|---|---|---|---|---|
r-devel-linux-x86_64-debian-clang | 0.1.5 | 12.47 | 127.63 | 140.10 | OK | |
r-devel-linux-x86_64-debian-gcc | 0.1.5 | 8.94 | 95.83 | 104.77 | OK | |
r-devel-linux-x86_64-fedora-clang | 0.1.5 | 166.56 | NOTE | |||
r-devel-linux-x86_64-fedora-gcc | 0.1.5 | 157.73 | NOTE | |||
r-patched-linux-x86_64 | 0.1.5 | 9.48 | 117.48 | 126.96 | OK | |
r-release-linux-x86_64 | 0.1.5 | 7.99 | 118.84 | 126.83 | OK | |
r-release-macos-arm64 | 0.1.5 | 39.00 | OK | |||
r-release-macos-x86_64 | 0.1.5 | 54.00 | OK | |||
r-release-windows-x86_64 | 0.1.5 | 21.00 | 161.00 | 182.00 | OK | |
r-oldrel-macos-arm64 | 0.1.5 | 40.00 | OK | |||
r-oldrel-macos-x86_64 | 0.1.5 | 60.00 | OK | |||
r-oldrel-windows-ix86+x86_64 | 0.1.5 | 26.00 | 157.00 | 183.00 | OK |
Version: 0.1.5
Check: data for non-ASCII characters
Result: NOTE
Note: found 1242 marked UTF-8 strings
Flavors: r-devel-linux-x86_64-fedora-clang, r-devel-linux-x86_64-fedora-gcc