CRAN Package Check Results for Package nseval

Last updated on 2022-12-04 09:55:24 CET.

Flavor Version Tinstall Tcheck Ttotal Status Flags
r-devel-linux-x86_64-debian-clang 0.4.2 4.62 37.11 41.73 WARN
r-devel-linux-x86_64-debian-gcc 0.4.2 3.94 28.15 32.09 WARN
r-devel-linux-x86_64-fedora-clang 0.4.2 61.32 WARN
r-devel-linux-x86_64-fedora-gcc 0.4.2 59.71 WARN
r-devel-windows-x86_64 0.4.2 43.00 76.00 119.00 OK
r-patched-linux-x86_64 0.4.2 5.49 33.97 39.46 OK
r-release-linux-x86_64 0.4.2 4.77 34.27 39.04 OK
r-release-macos-arm64 0.4.2 23.00 OK
r-release-macos-x86_64 0.4.2 28.00 OK
r-release-windows-x86_64 0.4.2 38.00 72.00 110.00 OK
r-oldrel-macos-arm64 0.4.2 20.00 OK
r-oldrel-macos-x86_64 0.4.2 28.00 OK
r-oldrel-windows-ix86+x86_64 0.4.2 16.00 77.00 93.00 OK

Additional issues

rchk

Check Details

Version: 0.4.2
Check: whether package can be installed
Result: WARN
    Found the following significant warnings:
     ./vadr.h:55:18: warning: a function declaration without a prototype is deprecated in all versions of C [-Wstrict-prototypes]
     ./promises.h:5:19: warning: a function declaration without a prototype is deprecated in all versions of C [-Wstrict-prototypes]
     dots.c:5:18: warning: a function declaration without a prototype is deprecated in all versions of C [-Wstrict-prototypes]
     promises.c:93:19: warning: a function declaration without a prototype is deprecated in all versions of C [-Wstrict-prototypes]
     vadr.c:22:18: warning: a function declaration without a prototype is deprecated in all versions of C [-Wstrict-prototypes]
Flavors: r-devel-linux-x86_64-debian-clang, r-devel-linux-x86_64-fedora-clang

Version: 0.4.2
Check: whether package can be installed
Result: WARN
    Found the following significant warnings:
     vadr.h:55:1: warning: function declaration isn’t a prototype [-Wstrict-prototypes]
     promises.h:5:1: warning: function declaration isn’t a prototype [-Wstrict-prototypes]
     dots.c:5:1: warning: function declaration isn’t a prototype [-Wstrict-prototypes]
     promises.c:93:6: warning: function declaration isn’t a prototype [-Wstrict-prototypes]
     vadr.c:22:6: warning: function declaration isn’t a prototype [-Wstrict-prototypes]
Flavors: r-devel-linux-x86_64-debian-gcc, r-devel-linux-x86_64-fedora-gcc