CRAN Package Check Results for Package npsr

Last updated on 2022-07-05 10:48:59 CEST.

Flavor Version Tinstall Tcheck Ttotal Status Flags
r-devel-linux-x86_64-debian-clang 0.1.1 3.05 32.43 35.48 NOTE
r-devel-linux-x86_64-debian-gcc 0.1.1 2.17 25.08 27.25 NOTE
r-devel-linux-x86_64-fedora-clang 0.1.1 53.79 NOTE
r-devel-linux-x86_64-fedora-gcc 0.1.1 52.29 NOTE
r-devel-windows-x86_64 0.1.1 5.00 57.00 62.00 NOTE
r-patched-linux-x86_64 0.1.1 2.16 31.34 33.50 NOTE
r-release-linux-x86_64 0.1.1 2.11 31.14 33.25 NOTE
r-release-macos-arm64 0.1.1 16.00 NOTE
r-release-macos-x86_64 0.1.1 23.00 NOTE
r-release-windows-x86_64 0.1.1 13.00 59.00 72.00 NOTE
r-oldrel-macos-arm64 0.1.1 22.00 NOTE
r-oldrel-macos-x86_64 0.1.1 28.00 NOTE
r-oldrel-windows-ix86+x86_64 0.1.1 7.00 54.00 61.00 NOTE

Check Details

Version: 0.1.1
Check: LazyData
Result: NOTE
     'LazyData' is specified without a 'data' directory
Flavors: r-devel-linux-x86_64-debian-clang, r-devel-linux-x86_64-debian-gcc, r-devel-linux-x86_64-fedora-clang, r-devel-linux-x86_64-fedora-gcc, r-devel-windows-x86_64, r-patched-linux-x86_64, r-release-linux-x86_64, r-release-macos-arm64, r-release-macos-x86_64, r-release-windows-x86_64, r-oldrel-macos-arm64, r-oldrel-macos-x86_64, r-oldrel-windows-ix86+x86_64