CRAN Package Check Results for Package nppbib

Last updated on 2024-06-18 09:57:41 CEST.

Flavor Version Tinstall Tcheck Ttotal Status Flags
r-devel-linux-x86_64-debian-clang 1.2-0 1.93 19.67 21.60 NOTE
r-devel-linux-x86_64-debian-gcc 1.2-0 1.51 15.67 17.18 NOTE
r-devel-linux-x86_64-fedora-clang 1.2-0 29.79 NOTE
r-devel-linux-x86_64-fedora-gcc 1.2-0 27.08 NOTE
r-devel-windows-x86_64 1.2-0 2.00 34.00 36.00 NOTE
r-patched-linux-x86_64 1.2-0 2.02 19.39 21.41 NOTE
r-release-linux-x86_64 1.2-0 1.66 19.71 21.37 NOTE
r-release-macos-arm64 1.2-0 14.00 NOTE
r-release-macos-x86_64 1.2-0 19.00 NOTE
r-release-windows-x86_64 1.2-0 2.00 34.00 36.00 NOTE
r-oldrel-macos-arm64 1.2-0 15.00 NOTE
r-oldrel-macos-x86_64 1.2-0 18.00 NOTE
r-oldrel-windows-x86_64 1.2-0 3.00 33.00 36.00 NOTE

Check Details

Version: 1.2-0
Check: Rd files
Result: NOTE checkRd: (-1) nppbib.Rd:28: Escaped LaTeX specials: \# Flavors: r-devel-linux-x86_64-debian-clang, r-devel-linux-x86_64-debian-gcc, r-devel-linux-x86_64-fedora-clang, r-devel-linux-x86_64-fedora-gcc, r-devel-windows-x86_64, r-patched-linux-x86_64, r-release-linux-x86_64, r-release-macos-arm64, r-release-macos-x86_64, r-release-windows-x86_64, r-oldrel-macos-arm64, r-oldrel-macos-x86_64, r-oldrel-windows-x86_64