CRAN Package Check Results for Package nppbib

Last updated on 2023-06-02 10:52:38 CEST.

Flavor Version Tinstall Tcheck Ttotal Status Flags
r-devel-linux-x86_64-debian-clang 1.2-0 1.72 19.79 21.51 NOTE
r-devel-linux-x86_64-debian-gcc 1.2-0 1.58 15.65 17.23 NOTE
r-devel-linux-x86_64-fedora-clang 1.2-0 27.51 NOTE
r-devel-linux-x86_64-fedora-gcc 1.2-0 25.78 NOTE
r-devel-windows-x86_64 1.2-0 2.00 35.00 37.00 NOTE
r-patched-linux-x86_64 1.2-0 NOTE
r-release-linux-x86_64 1.2-0 1.89 19.57 21.46 NOTE
r-release-macos-arm64 1.2-0 15.00 NOTE
r-release-macos-x86_64 1.2-0 18.00 NOTE
r-release-windows-x86_64 1.2-0 3.00 40.00 43.00 NOTE
r-oldrel-macos-arm64 1.2-0 15.00 OK
r-oldrel-macos-x86_64 1.2-0 18.00 OK
r-oldrel-windows-x86_64 1.2-0 6.00 41.00 47.00 OK

Check Details

Version: 1.2-0
Check: Rd files
Result: NOTE
    checkRd: (-1) nppbib.Rd:28: Escaped LaTeX specials: \#
Flavors: r-devel-linux-x86_64-debian-clang, r-devel-linux-x86_64-debian-gcc, r-devel-linux-x86_64-fedora-clang, r-devel-linux-x86_64-fedora-gcc, r-devel-windows-x86_64, r-patched-linux-x86_64, r-release-linux-x86_64, r-release-macos-arm64, r-release-macos-x86_64, r-release-windows-x86_64