CRAN Package Check Results for Package nnfor

Last updated on 2022-01-24 10:52:05 CET.

Flavor Version Tinstall Tcheck Ttotal Status Flags
r-devel-linux-x86_64-debian-clang 0.9.6 10.46 106.49 116.95 NOTE
r-devel-linux-x86_64-debian-gcc 0.9.6 8.19 80.17 88.36 NOTE
r-devel-linux-x86_64-fedora-clang 0.9.6 140.09 NOTE
r-devel-linux-x86_64-fedora-gcc 0.9.6 132.31 NOTE
r-devel-windows-x86_64-new-UL 0.9.6 25.00 119.00 144.00 NOTE
r-devel-windows-x86_64-new-TK 0.9.6 ERROR
r-patched-linux-x86_64 0.9.6 9.89 99.67 109.56 NOTE
r-release-linux-x86_64 0.9.6 7.24 98.13 105.37 NOTE
r-release-macos-arm64 0.9.6 NOTE
r-release-macos-x86_64 0.9.6 NOTE
r-release-windows-ix86+x86_64 0.9.6 24.00 116.00 140.00 NOTE
r-oldrel-macos-x86_64 0.9.6 NOTE
r-oldrel-windows-ix86+x86_64 0.9.6 26.00 119.00 145.00 OK

Check Details

Version: 0.9.6
Check: LazyData
Result: NOTE
     'LazyData' is specified without a 'data' directory
Flavors: r-devel-linux-x86_64-debian-clang, r-devel-linux-x86_64-debian-gcc, r-devel-linux-x86_64-fedora-clang, r-devel-linux-x86_64-fedora-gcc, r-devel-windows-x86_64-new-UL, r-patched-linux-x86_64, r-release-linux-x86_64, r-release-macos-arm64, r-release-macos-x86_64, r-release-windows-ix86+x86_64

Version: 0.9.6
Check: dependencies in R code
Result: NOTE
    Namespace in Imports field not imported from: ‘uroot’
     All declared Imports should be used.
Flavors: r-devel-linux-x86_64-fedora-clang, r-devel-linux-x86_64-fedora-gcc, r-release-macos-arm64, r-release-macos-x86_64, r-oldrel-macos-x86_64

Version: 0.9.6
Check: package dependencies
Result: ERROR
    Package required but not available: 'tsutils'
    
    See section 'The DESCRIPTION file' in the 'Writing R Extensions'
    manual.
Flavor: r-devel-windows-x86_64-new-TK