CRAN Package Check Results for Package nhlapi

Last updated on 2022-11-28 09:50:51 CET.

Flavor Version Tinstall Tcheck Ttotal Status Flags
r-devel-linux-x86_64-debian-clang 0.1.4 4.82 48.72 53.54 NOTE
r-devel-linux-x86_64-debian-gcc 0.1.4 3.46 37.94 41.40 NOTE
r-devel-linux-x86_64-fedora-clang 0.1.4 76.93 NOTE
r-devel-linux-x86_64-fedora-gcc 0.1.4 92.12 NOTE
r-devel-windows-x86_64 0.1.4 57.00 99.00 156.00 NOTE
r-patched-linux-x86_64 0.1.4 4.13 44.96 49.09 NOTE
r-release-linux-x86_64 0.1.4 4.25 42.74 46.99 NOTE
r-release-macos-arm64 0.1.4 31.00 NOTE
r-release-macos-x86_64 0.1.4 41.00 NOTE
r-release-windows-x86_64 0.1.4 41.00 89.00 130.00 NOTE
r-oldrel-macos-arm64 0.1.4 38.00 NOTE
r-oldrel-macos-x86_64 0.1.4 77.00 NOTE
r-oldrel-windows-ix86+x86_64 0.1.4 10.00 75.00 85.00 NOTE

Check Details

Version: 0.1.4
Check: LazyData
Result: NOTE
     'LazyData' is specified without a 'data' directory
Flavors: r-devel-linux-x86_64-debian-clang, r-devel-linux-x86_64-debian-gcc, r-devel-linux-x86_64-fedora-clang, r-devel-linux-x86_64-fedora-gcc, r-devel-windows-x86_64, r-patched-linux-x86_64, r-release-linux-x86_64, r-release-macos-arm64, r-release-macos-x86_64, r-release-windows-x86_64, r-oldrel-macos-arm64, r-oldrel-macos-x86_64, r-oldrel-windows-ix86+x86_64