Last updated on 2023-01-31 10:52:16 CET.
Flavor | Version | Tinstall | Tcheck | Ttotal | Status | Flags |
---|---|---|---|---|---|---|
r-devel-linux-x86_64-debian-clang | 0.2.0 | 2.81 | 32.73 | 35.54 | NOTE | |
r-devel-linux-x86_64-debian-gcc | 0.2.0 | 2.22 | 25.20 | 27.42 | NOTE | |
r-devel-linux-x86_64-fedora-clang | 0.2.0 | 45.11 | NOTE | |||
r-devel-linux-x86_64-fedora-gcc | 0.2.0 | 42.90 | NOTE | |||
r-devel-windows-x86_64 | 0.2.0 | 10.00 | 66.00 | 76.00 | NOTE | |
r-patched-linux-x86_64 | 0.2.0 | 2.03 | 32.33 | 34.36 | NOTE | |
r-release-linux-x86_64 | 0.2.0 | 2.77 | 31.93 | 34.70 | NOTE | |
r-release-macos-arm64 | 0.2.0 | 20.00 | NOTE | |||
r-release-macos-x86_64 | 0.2.0 | 25.00 | NOTE | |||
r-release-windows-x86_64 | 0.2.0 | 16.00 | 73.00 | 89.00 | NOTE | |
r-oldrel-macos-arm64 | 0.2.0 | 24.00 | NOTE | |||
r-oldrel-macos-x86_64 | 0.2.0 | 32.00 | NOTE | |||
r-oldrel-windows-ix86+x86_64 | 0.2.0 | 8.00 | 64.00 | 72.00 | NOTE |
Version: 0.2.0
Check: LazyData
Result: NOTE
'LazyData' is specified without a 'data' directory
Flavors: r-devel-linux-x86_64-debian-clang, r-devel-linux-x86_64-debian-gcc, r-devel-linux-x86_64-fedora-clang, r-devel-linux-x86_64-fedora-gcc, r-devel-windows-x86_64, r-patched-linux-x86_64, r-release-linux-x86_64, r-release-macos-arm64, r-release-macos-x86_64, r-release-windows-x86_64, r-oldrel-macos-arm64, r-oldrel-macos-x86_64, r-oldrel-windows-ix86+x86_64