CRAN Package Check Results for Package neuroim

Last updated on 2022-07-02 10:49:34 CEST.

Flavor Version Tinstall Tcheck Ttotal Status Flags
r-devel-linux-x86_64-debian-clang 0.0.6 43.16 176.90 220.06 OK
r-devel-linux-x86_64-debian-gcc 0.0.6 32.97 130.79 163.76 OK
r-devel-linux-x86_64-fedora-clang 0.0.6 283.78 NOTE
r-devel-linux-x86_64-fedora-gcc 0.0.6 281.12 NOTE
r-devel-windows-x86_64 0.0.6 155.00 226.00 381.00 OK
r-patched-linux-x86_64 0.0.6 33.43 168.42 201.85 OK
r-release-linux-x86_64 0.0.6 34.46 168.10 202.56 OK
r-release-macos-arm64 0.0.6 69.00 OK
r-release-macos-x86_64 0.0.6 128.00 OK
r-release-windows-x86_64 0.0.6 175.00 227.00 402.00 OK
r-oldrel-macos-arm64 0.0.6 85.00 OK
r-oldrel-macos-x86_64 0.0.6 167.00 OK
r-oldrel-windows-ix86+x86_64 0.0.6 93.00 262.00 355.00 OK

Check Details

Version: 0.0.6
Check: compiled code
Result: NOTE
    File ‘neuroim/libs/neuroim.so’:
     Found no calls to: ‘R_registerRoutines’, ‘R_useDynamicSymbols’
    
    It is good practice to register native routines and to disable symbol
    search.
    
    See ‘Writing portable packages’ in the ‘Writing R Extensions’ manual.
Flavors: r-devel-linux-x86_64-fedora-clang, r-devel-linux-x86_64-fedora-gcc