CRAN Package Check Results for Package neurocInstall

Last updated on 2022-11-29 09:52:20 CET.

Flavor Version Tinstall Tcheck Ttotal Status Flags
r-devel-linux-x86_64-debian-clang 0.12.0 8.28 69.35 77.63 NOTE
r-devel-linux-x86_64-debian-gcc 0.12.0 6.02 53.19 59.21 NOTE
r-devel-linux-x86_64-fedora-clang 0.12.0 108.37 NOTE
r-devel-linux-x86_64-fedora-gcc 0.12.0 105.38 NOTE
r-devel-windows-x86_64 0.12.0 17.00 99.00 116.00 NOTE
r-patched-linux-x86_64 0.12.0 6.03 67.87 73.90 NOTE
r-release-linux-x86_64 0.12.0 7.56 68.75 76.31 NOTE
r-release-macos-arm64 0.12.0 28.00 NOTE
r-release-macos-x86_64 0.12.0 45.00 NOTE
r-release-windows-x86_64 0.12.0 42.00 106.00 148.00 NOTE
r-oldrel-macos-arm64 0.12.0 36.00 NOTE
r-oldrel-macos-x86_64 0.12.0 1803.00 NOTE
r-oldrel-windows-ix86+x86_64 0.12.0 23.00 100.00 123.00 NOTE

Additional issues

donttest

Check Details

Version: 0.12.0
Check: LazyData
Result: NOTE
     'LazyData' is specified without a 'data' directory
Flavors: r-devel-linux-x86_64-debian-clang, r-devel-linux-x86_64-debian-gcc, r-devel-linux-x86_64-fedora-clang, r-devel-linux-x86_64-fedora-gcc, r-devel-windows-x86_64, r-patched-linux-x86_64, r-release-linux-x86_64, r-release-macos-arm64, r-release-macos-x86_64, r-release-windows-x86_64, r-oldrel-macos-arm64, r-oldrel-macos-x86_64, r-oldrel-windows-ix86+x86_64