CRAN Package Check Results for Package netCoin

Last updated on 2022-12-05 09:51:24 CET.

Flavor Version Tinstall Tcheck Ttotal Status Flags
r-devel-linux-x86_64-debian-clang 2.0.20 13.74 122.61 136.35 NOTE
r-devel-linux-x86_64-debian-gcc 2.0.20 10.10 92.07 102.17 NOTE
r-devel-linux-x86_64-fedora-clang 2.0.20 181.92 NOTE
r-devel-linux-x86_64-fedora-gcc 2.0.20 187.64 NOTE
r-devel-windows-x86_64 2.0.20 47.00 164.00 211.00 NOTE
r-patched-linux-x86_64 2.0.20 19.54 115.17 134.71 OK
r-release-linux-x86_64 2.0.20 10.07 109.70 119.77 OK
r-release-macos-arm64 2.0.20 45.00 NOTE
r-release-macos-x86_64 2.0.20 77.00 NOTE
r-release-windows-x86_64 2.0.20 48.00 160.00 208.00 OK
r-oldrel-macos-arm64 2.0.20 36.00 NOTE
r-oldrel-macos-x86_64 2.0.20 63.00 NOTE
r-oldrel-windows-ix86+x86_64 2.0.20 28.00 147.00 175.00 OK

Check Details

Version: 2.0.20
Check: Rd files
Result: NOTE
    checkRd: (-1) netCoin-package.Rd:38: Escaped LaTeX specials: \&
Flavors: r-devel-linux-x86_64-debian-clang, r-devel-linux-x86_64-debian-gcc, r-devel-linux-x86_64-fedora-clang, r-devel-linux-x86_64-fedora-gcc, r-devel-windows-x86_64

Version: 2.0.20
Check: data for non-ASCII characters
Result: NOTE
     Note: found 21 marked UTF-8 strings
Flavors: r-devel-linux-x86_64-fedora-clang, r-devel-linux-x86_64-fedora-gcc, r-release-macos-arm64, r-release-macos-x86_64, r-oldrel-macos-arm64, r-oldrel-macos-x86_64