CRAN Package Check Results for Package naturaList

Last updated on 2022-01-25 09:48:43 CET.

Flavor Version Tinstall Tcheck Ttotal Status Flags
r-devel-linux-x86_64-debian-clang 0.4.2 4.39 133.57 137.96 OK
r-devel-linux-x86_64-debian-gcc 0.4.2 4.02 100.25 104.27 OK
r-devel-linux-x86_64-fedora-clang 0.4.2 160.81 NOTE
r-devel-linux-x86_64-fedora-gcc 0.4.2 154.61 NOTE
r-devel-windows-x86_64-new-UL 0.4.2 93.00 182.00 275.00 OK
r-devel-windows-x86_64-new-TK 0.4.2 NOTE
r-patched-linux-x86_64 0.4.2 4.73 125.63 130.36 OK
r-release-linux-x86_64 0.4.2 3.32 124.89 128.21 OK
r-release-macos-arm64 0.4.2 NOTE
r-release-macos-x86_64 0.4.2 NOTE
r-release-windows-ix86+x86_64 0.4.2 10.00 157.00 167.00 OK
r-oldrel-macos-x86_64 0.4.2 NOTE
r-oldrel-windows-ix86+x86_64 0.4.2 11.00 158.00 169.00 OK

Check Details

Version: 0.4.2
Check: data for non-ASCII characters
Result: NOTE
     Note: found 5 marked Latin-1 strings
     Note: found 7187 marked UTF-8 strings
Flavors: r-devel-linux-x86_64-fedora-clang, r-devel-linux-x86_64-fedora-gcc, r-devel-windows-x86_64-new-TK, r-release-macos-arm64, r-release-macos-x86_64, r-oldrel-macos-x86_64