CRAN Package Check Results for Package nardl

Last updated on 2022-01-16 10:48:38 CET.

Flavor Version Tinstall Tcheck Ttotal Status Flags
r-devel-linux-x86_64-debian-clang 0.1.6 6.18 51.98 58.16 OK
r-devel-linux-x86_64-debian-gcc 0.1.6 4.78 39.74 44.52 OK
r-devel-linux-x86_64-fedora-clang 0.1.6 72.14 OK
r-devel-linux-x86_64-fedora-gcc 0.1.6 59.66 OK
r-devel-windows-x86_64-new-UL 0.1.6 21.00 67.00 88.00 OK
r-devel-windows-x86_64-new-TK 0.1.6 ERROR
r-patched-linux-x86_64 0.1.6 6.92 49.96 56.88 OK
r-release-linux-x86_64 0.1.6 OK
r-release-macos-arm64 0.1.6 OK
r-release-macos-x86_64 0.1.6 OK
r-release-windows-ix86+x86_64 0.1.6 13.00 65.00 78.00 OK
r-oldrel-macos-x86_64 0.1.6 OK
r-oldrel-windows-ix86+x86_64 0.1.6 13.00 62.00 75.00 OK

Check Details

Version: 0.1.6
Check: package dependencies
Result: ERROR
    Package required but not available: 'car'
    
    See section 'The DESCRIPTION file' in the 'Writing R Extensions'
    manual.
Flavor: r-devel-windows-x86_64-new-TK