Last updated on 2022-06-27 09:50:19 CEST.
Flavor | Version | Tinstall | Tcheck | Ttotal | Status | Flags |
---|---|---|---|---|---|---|
r-devel-linux-x86_64-debian-clang | 2.0-6 | 7.76 | 65.95 | 73.71 | OK | |
r-devel-linux-x86_64-debian-gcc | 2.0-6 | 7.94 | 47.73 | 55.67 | OK | |
r-devel-linux-x86_64-fedora-clang | 2.0-6 | 100.43 | NOTE | |||
r-devel-linux-x86_64-fedora-gcc | 2.0-6 | 101.76 | NOTE | |||
r-devel-windows-x86_64 | 2.0-6 | 17.00 | 85.00 | 102.00 | OK | |
r-patched-linux-x86_64 | 2.0-6 | 10.20 | 61.45 | 71.65 | OK | |
r-release-linux-x86_64 | 2.0-6 | 8.96 | 62.64 | 71.60 | OK | |
r-release-macos-arm64 | 2.0-6 | 31.00 | OK | |||
r-release-macos-x86_64 | 2.0-6 | 39.00 | OK | |||
r-release-windows-x86_64 | 2.0-6 | 24.00 | 80.00 | 104.00 | OK | |
r-oldrel-macos-arm64 | 2.0-6 | 40.00 | OK | |||
r-oldrel-macos-x86_64 | 2.0-6 | 47.00 | OK | |||
r-oldrel-windows-ix86+x86_64 | 2.0-6 | 21.00 | 113.00 | 134.00 | OK |
Version: 2.0-6
Check: compiled code
Result: NOTE
File ‘nanop/libs/nanop.so’:
Found no calls to: ‘R_registerRoutines’, ‘R_useDynamicSymbols’
It is good practice to register native routines and to disable symbol
search.
See ‘Writing portable packages’ in the ‘Writing R Extensions’ manual.
Flavors: r-devel-linux-x86_64-fedora-clang, r-devel-linux-x86_64-fedora-gcc