Last updated on 2023-02-07 10:54:04 CET.
Flavor | Version | Tinstall | Tcheck | Ttotal | Status | Flags |
---|---|---|---|---|---|---|
r-devel-linux-x86_64-debian-clang | 2.17.2 | 30.22 | 96.39 | 126.61 | NOTE | |
r-devel-linux-x86_64-debian-gcc | 2.17.2 | 23.24 | 73.57 | 96.81 | NOTE | |
r-devel-linux-x86_64-fedora-clang | 2.17.2 | 173.81 | NOTE | |||
r-devel-linux-x86_64-fedora-gcc | 2.17.2 | 155.27 | NOTE | |||
r-devel-windows-x86_64 | 2.17.2 | 67.00 | 148.00 | 215.00 | NOTE | |
r-patched-linux-x86_64 | 2.17.2 | 24.84 | 90.27 | 115.11 | NOTE | |
r-release-linux-x86_64 | 2.17.2 | 23.11 | 89.30 | 112.41 | NOTE | |
r-release-macos-arm64 | 2.17.2 | 41.00 | NOTE | |||
r-release-macos-x86_64 | 2.17.2 | 62.00 | NOTE | |||
r-release-windows-x86_64 | 2.17.2 | 61.00 | 145.00 | 206.00 | NOTE | |
r-oldrel-macos-arm64 | 2.17.2 | 39.00 | NOTE | |||
r-oldrel-macos-x86_64 | 2.17.2 | 67.00 | NOTE | |||
r-oldrel-windows-ix86+x86_64 | 2.17.2 | 70.00 | 160.00 | 230.00 | NOTE |
Version: 2.17.2
Check: package dependencies
Result: NOTE
Package which this enhances but not available for checking: ‘asreml’
Flavors: r-devel-linux-x86_64-debian-clang, r-devel-linux-x86_64-debian-gcc, r-devel-linux-x86_64-fedora-clang, r-devel-linux-x86_64-fedora-gcc, r-devel-windows-x86_64, r-patched-linux-x86_64, r-release-linux-x86_64, r-release-macos-arm64, r-release-macos-x86_64, r-release-windows-x86_64, r-oldrel-macos-arm64, r-oldrel-macos-x86_64, r-oldrel-windows-ix86+x86_64