CRAN Package Check Results for Package nLTT

Last updated on 2022-01-16 10:48:39 CET.

Flavor Version Tinstall Tcheck Ttotal Status Flags
r-devel-linux-x86_64-debian-clang 1.4.3 1.93 89.01 90.94 OK
r-devel-linux-x86_64-debian-gcc 1.4.3 2.51 65.99 68.50 OK
r-devel-linux-x86_64-fedora-clang 1.4.3 109.83 NOTE
r-devel-linux-x86_64-fedora-gcc 1.4.3 103.84 NOTE
r-devel-windows-x86_64-new-UL 1.4.3 49.00 129.00 178.00 OK
r-devel-windows-x86_64-new-TK 1.4.3 NOTE
r-patched-linux-x86_64 1.4.3 3.29 89.49 92.78 OK
r-release-linux-x86_64 1.4.3 OK
r-release-macos-arm64 1.4.3 NOTE
r-release-macos-x86_64 1.4.3 NOTE
r-release-windows-ix86+x86_64 1.4.3 9.00 124.00 133.00 OK
r-oldrel-macos-x86_64 1.4.3 NOTE
r-oldrel-windows-ix86+x86_64 1.4.3 7.00 113.00 120.00 OK

Check Details

Version: 1.4.3
Check: dependencies in R code
Result: NOTE
    Namespace in Imports field not imported from: ‘deSolve’
     All declared Imports should be used.
Flavors: r-devel-linux-x86_64-fedora-clang, r-devel-linux-x86_64-fedora-gcc, r-devel-windows-x86_64-new-TK, r-release-macos-arm64, r-release-macos-x86_64, r-oldrel-macos-x86_64