CRAN Package Check Results for Package myTAI

Last updated on 2022-01-21 10:54:03 CET.

Flavor Version Tinstall Tcheck Ttotal Status Flags
r-devel-linux-x86_64-debian-clang 0.9.3 30.04 202.92 232.96 OK
r-devel-linux-x86_64-debian-gcc 0.9.3 21.14 158.26 179.40 OK
r-devel-linux-x86_64-fedora-clang 0.9.3 317.62 OK
r-devel-linux-x86_64-fedora-gcc 0.9.3 277.03 OK
r-devel-windows-x86_64-new-UL 0.9.3 79.00 302.00 381.00 OK
r-devel-windows-x86_64-new-TK 0.9.3 OK
r-patched-linux-x86_64 0.9.3 28.79 200.79 229.58 OK
r-release-linux-x86_64 0.9.3 21.44 200.72 222.16 OK
r-release-macos-arm64 0.9.3 OK
r-release-macos-x86_64 0.9.3 OK
r-release-windows-ix86+x86_64 0.9.3 75.00 430.00 505.00 NOTE
r-oldrel-macos-x86_64 0.9.3 OK
r-oldrel-windows-ix86+x86_64 0.9.3 77.00 448.00 525.00 NOTE

Check Details

Version: 0.9.3
Check: installed package size
Result: NOTE
     installed size is 5.6Mb
     sub-directories of 1Mb or more:
     data 2.0Mb
     doc 1.1Mb
     libs 2.1Mb
Flavors: r-release-windows-ix86+x86_64, r-oldrel-windows-ix86+x86_64