CRAN Package Check Results for Package mwshiny

Last updated on 2023-03-31 10:51:24 CEST.

Flavor Version Tinstall Tcheck Ttotal Status Flags
r-devel-linux-x86_64-debian-clang 2.1.0 3.85 41.95 45.80 NOTE
r-devel-linux-x86_64-debian-gcc 2.1.0 3.39 32.93 36.32 NOTE
r-devel-linux-x86_64-fedora-clang 2.1.0 58.92 NOTE
r-devel-linux-x86_64-fedora-gcc 2.1.0 66.51 NOTE
r-devel-windows-x86_64 2.1.0 17.00 0.00 17.00 NOTE
r-patched-linux-x86_64 2.1.0 4.40 41.38 45.78 NOTE
r-release-linux-x86_64 2.1.0 4.52 44.59 49.11 NOTE
r-release-macos-arm64 2.1.0 22.00 NOTE
r-release-macos-x86_64 2.1.0 46.00 NOTE
r-release-windows-x86_64 2.1.0 14.00 80.00 94.00 NOTE
r-oldrel-macos-arm64 2.1.0 31.00 NOTE
r-oldrel-macos-x86_64 2.1.0 44.00 NOTE
r-oldrel-windows-ix86+x86_64 2.1.0 11.00 85.00 96.00 NOTE

Check Details

Version: 2.1.0
Check: LazyData
Result: NOTE
     'LazyData' is specified without a 'data' directory
Flavors: r-devel-linux-x86_64-debian-clang, r-devel-linux-x86_64-debian-gcc, r-devel-linux-x86_64-fedora-clang, r-devel-linux-x86_64-fedora-gcc, r-devel-windows-x86_64, r-patched-linux-x86_64, r-release-linux-x86_64, r-release-macos-arm64, r-release-macos-x86_64, r-release-windows-x86_64, r-oldrel-macos-arm64, r-oldrel-macos-x86_64, r-oldrel-windows-ix86+x86_64