CRAN Package Check Results for Package mumm

Last updated on 2022-12-08 10:53:25 CET.

Flavor Version Tinstall Tcheck Ttotal Status Flags
r-devel-linux-x86_64-debian-clang 0.2.1 101.55 86.53 188.08 NOTE
r-devel-linux-x86_64-debian-gcc 0.2.1 96.72 66.53 163.25 NOTE
r-devel-linux-x86_64-fedora-clang 0.2.1 243.26 NOTE
r-devel-linux-x86_64-fedora-gcc 0.2.1 274.39 NOTE
r-devel-windows-x86_64 0.2.1 67.00 134.00 201.00 NOTE
r-patched-linux-x86_64 0.2.1 99.35 83.73 183.08 NOTE
r-release-linux-x86_64 0.2.1 88.86 82.27 171.13 NOTE
r-release-macos-arm64 0.2.1 70.00 NOTE
r-release-macos-x86_64 0.2.1 111.00 NOTE
r-release-windows-x86_64 0.2.1 71.00 136.00 207.00 NOTE
r-oldrel-macos-arm64 0.2.1 75.00 NOTE
r-oldrel-macos-x86_64 0.2.1 110.00 NOTE
r-oldrel-windows-ix86+x86_64 0.2.1 206.00 152.00 358.00 NOTE

Check Details

Version: 0.2.1
Check: LazyData
Result: NOTE
     'LazyData' is specified without a 'data' directory
Flavors: r-devel-linux-x86_64-debian-clang, r-devel-linux-x86_64-debian-gcc, r-devel-linux-x86_64-fedora-clang, r-devel-linux-x86_64-fedora-gcc, r-devel-windows-x86_64, r-patched-linux-x86_64, r-release-linux-x86_64, r-release-macos-arm64, r-release-macos-x86_64, r-release-windows-x86_64, r-oldrel-macos-arm64, r-oldrel-macos-x86_64, r-oldrel-windows-ix86+x86_64

Version: 0.2.1
Check: installed package size
Result: NOTE
     installed size is 12.9Mb
     sub-directories of 1Mb or more:
     libs 12.8Mb
Flavors: r-devel-windows-x86_64, r-release-macos-arm64, r-release-macos-x86_64, r-release-windows-x86_64, r-oldrel-macos-arm64, r-oldrel-macos-x86_64, r-oldrel-windows-ix86+x86_64