Last updated on 2023-04-01 10:50:07 CEST.
Flavor | Version | Tinstall | Tcheck | Ttotal | Status | Flags |
---|---|---|---|---|---|---|
r-devel-linux-x86_64-debian-clang | 0.3.5 | 3.28 | 32.49 | 35.77 | NOTE | |
r-devel-linux-x86_64-debian-gcc | 0.3.5 | 2.73 | 25.93 | 28.66 | NOTE | |
r-devel-linux-x86_64-fedora-clang | 0.3.5 | 45.71 | NOTE | |||
r-devel-linux-x86_64-fedora-gcc | 0.3.5 | 42.99 | NOTE | |||
r-devel-windows-x86_64 | 0.3.5 | 11.00 | 0.00 | 11.00 | NOTE | |
r-patched-linux-x86_64 | 0.3.5 | 3.13 | 31.77 | 34.90 | NOTE | |
r-release-linux-x86_64 | 0.3.5 | 3.07 | 33.08 | 36.15 | OK | |
r-release-macos-arm64 | 0.3.5 | 17.00 | OK | |||
r-release-macos-x86_64 | 0.3.5 | 23.00 | OK | |||
r-release-windows-x86_64 | 0.3.5 | 23.00 | 65.00 | 88.00 | OK | |
r-oldrel-macos-arm64 | 0.3.5 | 21.00 | OK | |||
r-oldrel-macos-x86_64 | 0.3.5 | 33.00 | OK | |||
r-oldrel-windows-ix86+x86_64 | 0.3.5 | 7.00 | 59.00 | 66.00 | OK |
Version: 0.3.5
Check: Rd files
Result: NOTE
checkRd: (-1) mkjnw.Rd:3: Escaped LaTeX specials: \&
checkRd: (-1) mkjnw.Rd:6: Escaped LaTeX specials: \&
Flavors: r-devel-linux-x86_64-debian-clang, r-devel-linux-x86_64-debian-gcc, r-devel-linux-x86_64-fedora-clang, r-devel-linux-x86_64-fedora-gcc, r-devel-windows-x86_64, r-patched-linux-x86_64