Last updated on 2023-03-27 09:50:20 CEST.
Flavor | Version | Tinstall | Tcheck | Ttotal | Status | Flags |
---|---|---|---|---|---|---|
r-devel-linux-x86_64-debian-clang | 0.6.0 | 4.44 | 45.90 | 50.34 | OK | |
r-devel-linux-x86_64-debian-gcc | 0.6.0 | 3.52 | 36.42 | 39.94 | OK | |
r-devel-linux-x86_64-fedora-clang | 0.6.0 | 63.76 | OK | |||
r-devel-linux-x86_64-fedora-gcc | 0.6.0 | 73.04 | OK | |||
r-patched-linux-x86_64 | 0.6.0 | 2.82 | 44.34 | 47.16 | OK | |
r-release-linux-x86_64 | 0.6.0 | 2.86 | 46.19 | 49.05 | OK | |
r-release-macos-arm64 | 0.6.0 | 26.00 | NOTE | |||
r-release-macos-x86_64 | 0.6.0 | 33.00 | OK | |||
r-release-windows-x86_64 | 0.6.0 | 21.00 | 86.00 | 107.00 | OK | |
r-oldrel-macos-arm64 | 0.6.0 | 25.00 | OK | |||
r-oldrel-macos-x86_64 | 0.6.0 | 41.00 | OK | |||
r-oldrel-windows-ix86+x86_64 | 0.6.0 | 13.00 | 79.00 | 92.00 | OK |
Version: 0.6.0
Check: package dependencies
Result: NOTE
Package suggested but not available for checking: ‘Biostrings’
Flavor: r-release-macos-arm64
Version: 0.6.0
Check: Rd cross-references
Result: NOTE
Package unavailable to check Rd xrefs: ‘Biostrings’
Flavor: r-release-macos-arm64