Last updated on 2023-04-01 10:50:07 CEST.
Flavor | Version | Tinstall | Tcheck | Ttotal | Status | Flags |
---|---|---|---|---|---|---|
r-devel-linux-x86_64-debian-clang | 0.2.1 | 7.74 | 110.34 | 118.08 | OK | |
r-devel-linux-x86_64-debian-gcc | 0.2.1 | 6.31 | 82.41 | 88.72 | OK | |
r-devel-linux-x86_64-fedora-clang | 0.2.1 | 146.51 | NOTE | |||
r-devel-linux-x86_64-fedora-gcc | 0.2.1 | 146.19 | OK | |||
r-devel-windows-x86_64 | 0.2.1 | 70.00 | 0.00 | 70.00 | OK | |
r-patched-linux-x86_64 | 0.2.1 | 10.16 | 99.19 | 109.35 | OK | |
r-release-linux-x86_64 | 0.2.1 | 7.27 | 106.55 | 113.82 | OK | |
r-release-macos-arm64 | 0.2.1 | 48.00 | OK | |||
r-release-macos-x86_64 | 0.2.1 | 91.00 | OK | |||
r-release-windows-x86_64 | 0.2.1 | 77.00 | 167.00 | 244.00 | OK | |
r-oldrel-macos-arm64 | 0.2.1 | 46.00 | OK | |||
r-oldrel-macos-x86_64 | 0.2.1 | 63.00 | OK | |||
r-oldrel-windows-ix86+x86_64 | 0.2.1 | 18.00 | 148.00 | 166.00 | OK |
Version: 0.2.1
Check: Rd cross-references
Result: NOTE
Undeclared package ‘processx’ in Rd xrefs
Flavor: r-devel-linux-x86_64-fedora-clang