Last updated on 2023-05-28 10:00:49 CEST.
Flavor | Version | Tinstall | Tcheck | Ttotal | Status | Flags |
---|---|---|---|---|---|---|
r-devel-linux-x86_64-debian-clang | 1.0.6 | 9.11 | 79.07 | 88.18 | OK | |
r-devel-linux-x86_64-debian-gcc | 1.0.6 | 7.47 | 59.84 | 67.31 | OK | |
r-devel-linux-x86_64-fedora-clang | 1.0.6 | 112.29 | OK | |||
r-devel-linux-x86_64-fedora-gcc | 1.0.6 | 100.98 | OK | |||
r-devel-windows-x86_64 | 1.0.6 | 10.00 | 83.00 | 93.00 | OK | |
r-patched-linux-x86_64 | 1.0.6 | 8.27 | 75.53 | 83.80 | OK | |
r-release-linux-x86_64 | 1.0.6 | 5.69 | 74.36 | 80.05 | OK | |
r-release-macos-arm64 | 1.0.6 | 39.00 | OK | |||
r-release-macos-x86_64 | 1.0.6 | 55.00 | NOTE | |||
r-release-windows-x86_64 | 1.0.6 | 12.00 | 106.00 | 118.00 | OK | |
r-oldrel-macos-arm64 | 1.0.6 | 37.00 | OK | |||
r-oldrel-macos-x86_64 | 1.0.6 | 59.00 | NOTE | |||
r-oldrel-windows-x86_64 | 1.0.6 | 12.00 | 107.00 | 119.00 | OK |
Version: 1.0.6
Check: package dependencies
Result: NOTE
Packages suggested but not available for checking: 'mvoutlier', 'glmulti'
Flavor: r-release-macos-x86_64
Version: 1.0.6
Check: package dependencies
Result: NOTE
Package suggested but not available for checking: ‘glmulti’
Flavor: r-oldrel-macos-x86_64