Last updated on 2022-05-22 09:52:22 CEST.
Flavor | Version | Tinstall | Tcheck | Ttotal | Status | Flags |
---|---|---|---|---|---|---|
r-devel-linux-x86_64-debian-clang | 0.2-7 | 3.72 | 139.80 | 143.52 | NOTE | |
r-devel-linux-x86_64-debian-gcc | 0.2-7 | 3.53 | 101.22 | 104.75 | NOTE | |
r-devel-linux-x86_64-fedora-clang | 0.2-7 | 164.14 | NOTE | |||
r-devel-linux-x86_64-fedora-gcc | 0.2-7 | 164.82 | NOTE | |||
r-devel-windows-x86_64 | 0.2-7 | 21.00 | 95.00 | 116.00 | NOTE | |
r-patched-linux-x86_64 | 0.2-7 | 4.71 | 128.42 | 133.13 | NOTE | |
r-release-linux-x86_64 | 0.2-7 | 4.65 | 128.78 | 133.43 | NOTE | |
r-release-macos-arm64 | 0.2-7 | 81.00 | NOTE | |||
r-release-macos-x86_64 | 0.2-7 | 153.00 | NOTE | |||
r-release-windows-x86_64 | 0.2-7 | 16.00 | 196.00 | 212.00 | NOTE | |
r-oldrel-macos-arm64 | 0.2-7 | 80.00 | NOTE | |||
r-oldrel-macos-x86_64 | 0.2-7 | 106.00 | NOTE | |||
r-oldrel-windows-ix86+x86_64 | 0.2-7 | 18.00 | 96.00 | 114.00 | WARN |
Version: 0.2-7
Check: package dependencies
Result: NOTE
Package suggested but not available for checking: 'corpus.useR.2008.abstracts'
Flavors: r-devel-linux-x86_64-debian-clang, r-devel-linux-x86_64-debian-gcc, r-devel-linux-x86_64-fedora-clang, r-devel-linux-x86_64-fedora-gcc, r-devel-windows-x86_64, r-patched-linux-x86_64, r-release-linux-x86_64, r-release-macos-arm64, r-release-macos-x86_64, r-release-windows-x86_64, r-oldrel-macos-arm64, r-oldrel-macos-x86_64, r-oldrel-windows-ix86+x86_64
Version: 0.2-7
Check: re-building of vignette outputs
Result: WARN
Error(s) in re-building vignettes:
--- re-building 'movMF.Rnw' using Sweave
Warning: unable to access index for repository https://datacube.wu.ac.at/src/contrib:
cannot open URL 'https://datacube.wu.ac.at/src/contrib/PACKAGES'
Warning: package 'corpus.useR.2008.abstracts' is not available for this version of R
A version of this package for your version of R might be available elsewhere,
see the ideas at
https://cran.r-project.org/doc/manuals/r-patched/R-admin.html#Installing-packages
Error: processing vignette 'movMF.Rnw' failed with diagnostics:
chunk 3 (label = corpus-package)
Error in find.package(package, lib.loc, verbose = verbose) :
there is no package called 'corpus.useR.2008.abstracts'
--- failed re-building 'movMF.Rnw'
SUMMARY: processing the following file failed:
'movMF.Rnw'
Error: Vignette re-building failed.
Execution halted
Flavor: r-oldrel-windows-ix86+x86_64