Last updated on 2022-05-28 10:50:50 CEST.
Flavor | Version | Tinstall | Tcheck | Ttotal | Status | Flags |
---|---|---|---|---|---|---|
r-devel-linux-x86_64-debian-clang | 1.8.3 | 31.34 | 485.45 | 516.79 | OK | |
r-devel-linux-x86_64-debian-gcc | 1.8.3 | 25.29 | 345.61 | 370.90 | OK | |
r-devel-linux-x86_64-fedora-clang | 1.8.3 | 579.85 | NOTE | |||
r-devel-linux-x86_64-fedora-gcc | 1.8.3 | 568.05 | NOTE | |||
r-devel-windows-x86_64 | 1.8.3 | 128.00 | 512.00 | 640.00 | OK | |
r-patched-linux-x86_64 | 1.8.3 | 35.74 | 441.05 | 476.79 | OK | |
r-release-linux-x86_64 | 1.8.3 | 30.64 | 441.37 | 472.01 | OK | |
r-release-macos-arm64 | 1.8.3 | 150.00 | NOTE | |||
r-release-macos-x86_64 | 1.8.3 | 252.00 | NOTE | |||
r-release-windows-x86_64 | 1.8.3 | 134.00 | 515.00 | 649.00 | OK | |
r-oldrel-macos-arm64 | 1.8.3 | 223.00 | NOTE | |||
r-oldrel-macos-x86_64 | 1.8.3 | 324.00 | NOTE | |||
r-oldrel-windows-ix86+x86_64 | 1.8.3 | 59.00 | 535.00 | 594.00 | OK |
Version: 1.8.3
Check: dependencies in R code
Result: NOTE
Namespaces in Imports field not imported from:
‘ggridges’ ‘ggstance’
All declared Imports should be used.
Flavors: r-devel-linux-x86_64-fedora-clang, r-devel-linux-x86_64-fedora-gcc, r-release-macos-arm64, r-release-macos-x86_64, r-oldrel-macos-arm64, r-oldrel-macos-x86_64
Version: 1.8.3
Check: Rd cross-references
Result: NOTE
Undeclared package ‘cubature’ in Rd xrefs
Flavor: r-devel-linux-x86_64-fedora-clang