CRAN Package Check Results for Package mopac

Last updated on 2022-12-02 10:51:31 CET.

Flavor Version Tinstall Tcheck Ttotal Status Flags
r-devel-linux-x86_64-debian-clang 0.1.0 2.11 20.87 22.98 OK
r-devel-linux-x86_64-debian-gcc 0.1.0 1.63 16.29 17.92 OK
r-devel-linux-x86_64-fedora-clang 0.1.0 39.60 NOTE
r-devel-linux-x86_64-fedora-gcc 0.1.0 37.90 NOTE
r-devel-windows-x86_64 0.1.0 14.00 51.00 65.00 OK
r-patched-linux-x86_64 0.1.0 2.32 20.20 22.52 OK
r-release-linux-x86_64 0.1.0 1.70 20.51 22.21 OK
r-release-macos-arm64 0.1.0 15.00 NOTE
r-release-macos-x86_64 0.1.0 19.00 NOTE
r-release-windows-x86_64 0.1.0 11.00 52.00 63.00 OK
r-oldrel-macos-arm64 0.1.0 19.00 NOTE
r-oldrel-macos-x86_64 0.1.0 26.00 NOTE
r-oldrel-windows-ix86+x86_64 0.1.0 6.00 46.00 52.00 OK

Check Details

Version: 0.1.0
Check: data for non-ASCII characters
Result: NOTE
     Note: found 13 marked UTF-8 strings
Flavors: r-devel-linux-x86_64-fedora-clang, r-devel-linux-x86_64-fedora-gcc, r-release-macos-arm64, r-release-macos-x86_64, r-oldrel-macos-arm64, r-oldrel-macos-x86_64