CRAN Package Check Results for Package modeltime.resample

Last updated on 2023-03-24 10:54:12 CET.

Flavor Version Tinstall Tcheck Ttotal Status Flags
r-devel-linux-x86_64-debian-clang 0.2.2 45.10 601.80 646.90 OK
r-devel-linux-x86_64-debian-gcc 0.2.2 25.66 274.66 300.32 OK
r-devel-linux-x86_64-fedora-clang 0.2.2 510.65 NOTE
r-devel-linux-x86_64-fedora-gcc 0.2.2 522.75 NOTE
r-patched-linux-x86_64 0.2.2 44.93 579.26 624.19 OK
r-release-linux-x86_64 0.2.2 30.06 350.85 380.91 OK
r-release-macos-arm64 0.2.2 148.00 NOTE
r-release-macos-x86_64 0.2.2 190.00 NOTE
r-release-windows-x86_64 0.2.2 120.00 408.00 528.00 OK
r-oldrel-macos-arm64 0.2.2 146.00 NOTE
r-oldrel-macos-x86_64 0.2.2 192.00 NOTE
r-oldrel-windows-ix86+x86_64 0.2.2 96.00 648.00 744.00 OK

Check Details

Version: 0.2.2
Check: package dependencies
Result: NOTE
    Imports includes 24 non-default packages.
    Importing from so many packages makes the package vulnerable to any of
    them becoming unavailable. Move as many as possible to Suggests and
    use conditionally.
Flavor: r-devel-linux-x86_64-fedora-clang

Version: 0.2.2
Check: dependencies in R code
Result: NOTE
    Namespaces in Imports field not imported from:
     ‘crayon’ ‘dials’ ‘glue’ ‘parsnip’
     All declared Imports should be used.
Flavors: r-devel-linux-x86_64-fedora-clang, r-devel-linux-x86_64-fedora-gcc, r-release-macos-arm64, r-release-macos-x86_64, r-oldrel-macos-arm64, r-oldrel-macos-x86_64