CRAN Package Check Results for Package mle.tools

Last updated on 2024-04-13 10:48:37 CEST.

Flavor Version Tinstall Tcheck Ttotal Status Flags
r-devel-linux-x86_64-debian-clang 1.0.0 1.87 38.61 40.48 NOTE
r-devel-linux-x86_64-debian-gcc 1.0.0 1.71 28.76 30.47 NOTE
r-devel-linux-x86_64-fedora-clang 1.0.0 49.00 NOTE
r-devel-linux-x86_64-fedora-gcc 1.0.0 48.75 NOTE
r-devel-windows-x86_64 1.0.0 3.00 48.00 51.00 NOTE
r-patched-linux-x86_64 1.0.0 2.23 36.12 38.35 NOTE
r-release-linux-x86_64 1.0.0 2.16 36.70 38.86 NOTE
r-release-macos-arm64 1.0.0 18.00 NOTE
r-release-macos-x86_64 1.0.0 27.00 NOTE
r-release-windows-x86_64 1.0.0 2.00 51.00 53.00 NOTE
r-oldrel-macos-arm64 1.0.0 20.00 OK
r-oldrel-windows-x86_64 1.0.0 3.00 55.00 58.00 OK

Check Details

Version: 1.0.0
Check: package subdirectories
Result: NOTE Problems with news in ‘NEWS.md’: No news entries found. Flavors: r-devel-linux-x86_64-debian-clang, r-devel-linux-x86_64-debian-gcc, r-devel-linux-x86_64-fedora-clang, r-devel-linux-x86_64-fedora-gcc, r-devel-windows-x86_64, r-patched-linux-x86_64, r-release-linux-x86_64, r-release-macos-arm64, r-release-macos-x86_64, r-release-windows-x86_64