CRAN Package Check Results for Package mize

Last updated on 2022-05-16 09:50:13 CEST.

Flavor Version Tinstall Tcheck Ttotal Status Flags
r-devel-linux-x86_64-debian-clang 0.2.4 6.69 79.32 86.01 NOTE
r-devel-linux-x86_64-debian-gcc 0.2.4 6.12 60.76 66.88 NOTE
r-devel-linux-x86_64-fedora-clang 0.2.4 103.39 NOTE
r-devel-linux-x86_64-fedora-gcc 0.2.4 99.58 NOTE
r-devel-windows-x86_64 0.2.4 36.00 99.00 135.00 NOTE
r-patched-linux-x86_64 0.2.4 7.43 77.73 85.16 NOTE
r-release-linux-x86_64 0.2.4 7.74 77.90 85.64 NOTE
r-release-macos-arm64 0.2.4 28.00 NOTE
r-release-macos-x86_64 0.2.4 41.00 NOTE
r-release-windows-x86_64 0.2.4 44.00 104.00 148.00 NOTE
r-oldrel-macos-arm64 0.2.4 32.00 NOTE
r-oldrel-macos-x86_64 0.2.4 62.00 NOTE
r-oldrel-windows-ix86+x86_64 0.2.4 13.00 94.00 107.00 NOTE

Check Details

Version: 0.2.4
Check: LazyData
Result: NOTE
     'LazyData' is specified without a 'data' directory
Flavors: r-devel-linux-x86_64-debian-clang, r-devel-linux-x86_64-debian-gcc, r-devel-linux-x86_64-fedora-clang, r-devel-linux-x86_64-fedora-gcc, r-devel-windows-x86_64, r-patched-linux-x86_64, r-release-linux-x86_64, r-release-macos-arm64, r-release-macos-x86_64, r-release-windows-x86_64, r-oldrel-macos-arm64, r-oldrel-macos-x86_64, r-oldrel-windows-ix86+x86_64