CRAN Package Check Results for Package mixedCCA

Last updated on 2023-05-27 10:54:59 CEST.

Flavor Version Tinstall Tcheck Ttotal Status Flags
r-devel-linux-x86_64-debian-clang 1.6.2 39.28 98.74 138.02 NOTE
r-devel-linux-x86_64-debian-gcc 1.6.2 30.61 74.32 104.93 NOTE
r-devel-linux-x86_64-fedora-clang 1.6.2 192.50 NOTE
r-devel-linux-x86_64-fedora-gcc 1.6.2 182.65 NOTE
r-devel-windows-x86_64 1.6.2 33.00 109.00 142.00 NOTE
r-patched-linux-x86_64 1.6.2 32.64 95.98 128.62 NOTE
r-release-linux-x86_64 1.6.2 27.35 93.93 121.28 NOTE
r-release-macos-arm64 1.6.2 55.00 NOTE
r-release-macos-x86_64 1.6.2 96.00 NOTE
r-release-windows-x86_64 1.6.2 41.00 132.00 173.00 NOTE
r-oldrel-macos-arm64 1.6.2 49.00 OK
r-oldrel-macos-x86_64 1.6.2 67.00 OK
r-oldrel-windows-x86_64 1.6.2 41.00 135.00 176.00 OK

Check Details

Version: 1.6.2
Check: C++ specification
Result: NOTE
     Specified C++11: please drop specification unless essential
Flavors: r-devel-linux-x86_64-debian-clang, r-devel-linux-x86_64-debian-gcc, r-devel-linux-x86_64-fedora-clang, r-devel-linux-x86_64-fedora-gcc, r-devel-windows-x86_64, r-patched-linux-x86_64, r-release-linux-x86_64, r-release-macos-arm64, r-release-macos-x86_64, r-release-windows-x86_64