Last updated on 2023-12-02 09:50:16 CET.
Flavor | Version | Tinstall | Tcheck | Ttotal | Status | Flags |
---|---|---|---|---|---|---|
r-devel-linux-x86_64-debian-clang | 0.9-1 | 6.00 | 48.30 | 54.30 | OK | |
r-devel-linux-x86_64-debian-gcc | 0.9-1 | 4.47 | 37.00 | 41.47 | OK | |
r-devel-linux-x86_64-fedora-clang | 0.9-1 | 70.96 | NOTE | |||
r-devel-linux-x86_64-fedora-gcc | 0.9-1 | 65.31 | OK | |||
r-devel-windows-x86_64 | 0.9-1 | 5.00 | 73.00 | 78.00 | OK | |
r-patched-linux-x86_64 | 0.9-1 | 7.00 | 47.63 | 54.63 | OK | |
r-release-linux-x86_64 | 0.9-1 | 4.97 | 47.00 | 51.97 | OK | |
r-release-macos-arm64 | 0.9-1 | 29.00 | OK | |||
r-release-macos-x86_64 | 0.9-1 | 41.00 | OK | |||
r-release-windows-x86_64 | 0.9-1 | 6.00 | 79.00 | 85.00 | OK | |
r-oldrel-macos-arm64 | 0.9-1 | 45.00 | OK | |||
r-oldrel-macos-x86_64 | 0.9-1 | 53.00 | OK | |||
r-oldrel-windows-x86_64 | 0.9-1 | 7.00 | 79.00 | 86.00 | OK |
Version: 0.9-1
Check: Rd cross-references
Result: NOTE
Undeclared package ‘scatterplot3d’ in Rd xrefs
Flavor: r-devel-linux-x86_64-fedora-clang