CRAN Package Check Results for Package microhaplot

Last updated on 2023-03-25 09:51:31 CET.

Flavor Version Tinstall Tcheck Ttotal Status Flags
r-devel-linux-x86_64-debian-clang 1.0.1 2.92 35.94 38.86 NOTE
r-devel-linux-x86_64-debian-gcc 1.0.1 1.95 27.05 29.00 NOTE
r-devel-linux-x86_64-fedora-clang 1.0.1 50.94 NOTE
r-devel-linux-x86_64-fedora-gcc 1.0.1 58.30 NOTE
r-patched-linux-x86_64 1.0.1 2.67 35.92 38.59 NOTE
r-release-linux-x86_64 1.0.1 2.60 36.34 38.94 NOTE
r-release-macos-arm64 1.0.1 23.00 NOTE
r-release-macos-x86_64 1.0.1 38.00 NOTE
r-release-windows-x86_64 1.0.1 16.00 85.00 101.00 NOTE
r-oldrel-macos-arm64 1.0.1 23.00 NOTE
r-oldrel-macos-x86_64 1.0.1 36.00 NOTE
r-oldrel-windows-ix86+x86_64 1.0.1 12.00 67.00 79.00 NOTE

Check Details

Version: 1.0.1
Check: LazyData
Result: NOTE
     'LazyData' is specified without a 'data' directory
Flavors: r-devel-linux-x86_64-debian-clang, r-devel-linux-x86_64-debian-gcc, r-devel-linux-x86_64-fedora-clang, r-devel-linux-x86_64-fedora-gcc, r-patched-linux-x86_64, r-release-linux-x86_64, r-release-macos-arm64, r-release-macos-x86_64, r-release-windows-x86_64, r-oldrel-macos-arm64, r-oldrel-macos-x86_64, r-oldrel-windows-ix86+x86_64

Version: 1.0.1
Check: dependencies in R code
Result: NOTE
    Namespaces in Imports field not imported from:
     ‘DT’ ‘ggiraph’ ‘ggplot2’ ‘grid’ ‘gtools’ ‘scales’ ‘shinyBS’
     ‘shinyWidgets’ ‘tidyr’
     All declared Imports should be used.
Flavors: r-devel-linux-x86_64-fedora-clang, r-devel-linux-x86_64-fedora-gcc, r-release-macos-arm64, r-release-macos-x86_64, r-oldrel-macos-arm64, r-oldrel-macos-x86_64