Last updated on 2023-03-25 09:51:31 CET.
Flavor | Version | Tinstall | Tcheck | Ttotal | Status | Flags |
---|---|---|---|---|---|---|
r-devel-linux-x86_64-debian-clang | 1.6 | 8.50 | 1140.51 | 1149.01 | OK | |
r-devel-linux-x86_64-debian-gcc | 1.6 | 5.37 | 778.82 | 784.19 | OK | |
r-devel-linux-x86_64-fedora-clang | 1.6 | 1031.57 | NOTE | |||
r-devel-linux-x86_64-fedora-gcc | 1.6 | 1278.76 | NOTE | |||
r-patched-linux-x86_64 | 1.6 | 8.47 | 1058.60 | 1067.07 | OK | |
r-release-linux-x86_64 | 1.6 | 5.21 | 1063.43 | 1068.64 | OK | |
r-release-macos-arm64 | 1.6 | 247.00 | NOTE | |||
r-release-macos-x86_64 | 1.6 | 433.00 | NOTE | |||
r-release-windows-x86_64 | 1.6 | 83.00 | 1000.00 | 1083.00 | OK | |
r-oldrel-macos-arm64 | 1.6 | 189.00 | NOTE | |||
r-oldrel-macos-x86_64 | 1.6 | 351.00 | NOTE | |||
r-oldrel-windows-ix86+x86_64 | 1.6 | 17.00 | 1201.00 | 1218.00 | OK |
Version: 1.6
Check: dependencies in R code
Result: NOTE
Namespace in Imports field not imported from: ‘testthat’
All declared Imports should be used.
Flavors: r-devel-linux-x86_64-fedora-clang, r-devel-linux-x86_64-fedora-gcc, r-release-macos-arm64, r-release-macos-x86_64, r-oldrel-macos-arm64, r-oldrel-macos-x86_64