CRAN Package Check Results for Package mgc

Last updated on 2022-11-26 10:00:46 CET.

Flavor Version Tinstall Tcheck Ttotal Status Flags
r-devel-linux-x86_64-debian-clang 2.0.2 31.06 500.79 531.85 NOTE
r-devel-linux-x86_64-debian-gcc 2.0.2 28.90 356.50 385.40 NOTE
r-devel-linux-x86_64-fedora-clang 2.0.2 639.89 NOTE
r-devel-linux-x86_64-fedora-gcc 2.0.2 634.02 NOTE
r-devel-windows-x86_64 2.0.2 45.00 502.00 547.00 NOTE
r-patched-linux-x86_64 2.0.2 NOTE
r-release-linux-x86_64 2.0.2 26.65 437.39 464.04 NOTE
r-release-macos-arm64 2.0.2 118.00 NOTE
r-release-macos-x86_64 2.0.2 168.00 NOTE
r-release-windows-x86_64 2.0.2 51.00 479.00 530.00 NOTE
r-oldrel-macos-arm64 2.0.2 117.00 NOTE
r-oldrel-macos-x86_64 2.0.2 163.00 NOTE
r-oldrel-windows-ix86+x86_64 2.0.2 71.00 684.00 755.00 NOTE

Check Details

Version: 2.0.2
Check: LazyData
Result: NOTE
     'LazyData' is specified without a 'data' directory
Flavors: r-devel-linux-x86_64-debian-clang, r-devel-linux-x86_64-debian-gcc, r-devel-linux-x86_64-fedora-clang, r-devel-linux-x86_64-fedora-gcc, r-devel-windows-x86_64, r-patched-linux-x86_64, r-release-linux-x86_64, r-release-macos-arm64, r-release-macos-x86_64, r-release-windows-x86_64, r-oldrel-macos-arm64, r-oldrel-macos-x86_64, r-oldrel-windows-ix86+x86_64

Version: 2.0.2
Check: dependencies in R code
Result: NOTE
    Namespaces in Imports field not imported from:
     ‘boot’ ‘energy’
     All declared Imports should be used.
Flavors: r-devel-linux-x86_64-fedora-clang, r-devel-linux-x86_64-fedora-gcc, r-release-macos-arm64, r-release-macos-x86_64, r-oldrel-macos-arm64, r-oldrel-macos-x86_64