CRAN Package Check Results for Package metacoder

Last updated on 2021-12-04 09:53:08 CET.

Flavor Version Tinstall Tcheck Ttotal Status Flags
r-devel-linux-x86_64-debian-clang 0.3.5 40.02 188.63 228.65 OK
r-devel-linux-x86_64-debian-gcc 0.3.5 34.63 138.56 173.19 OK
r-devel-linux-x86_64-fedora-clang 0.3.5 287.65 NOTE
r-devel-linux-x86_64-fedora-gcc 0.3.5 269.74 NOTE
r-devel-windows-x86_64-new-UL 0.3.5 99.00 275.00 374.00 OK
r-devel-windows-x86_64-new-TK 0.3.5 NOTE
r-devel-windows-x86_64-old 0.3.5 66.00 181.00 247.00 OK
r-patched-linux-x86_64 0.3.5 53.48 171.72 225.20 OK
r-release-linux-x86_64 0.3.5 39.27 171.14 210.41 OK
r-release-macos-arm64 0.3.5 NOTE
r-release-macos-x86_64 0.3.5 NOTE
r-release-windows-ix86+x86_64 0.3.5 95.00 345.00 440.00 OK
r-oldrel-macos-x86_64 0.3.5 NOTE
r-oldrel-windows-ix86+x86_64 0.3.5 92.00 362.00 454.00 OK

Check Details

Version: 0.3.5
Check: dependencies in R code
Result: NOTE
    Namespace in Imports field not imported from: ‘R6’
     All declared Imports should be used.
Flavors: r-devel-linux-x86_64-fedora-clang, r-devel-linux-x86_64-fedora-gcc, r-devel-windows-x86_64-new-TK, r-release-macos-arm64, r-release-macos-x86_64, r-oldrel-macos-x86_64