CRAN Package Check Results for Package mederrRank

Last updated on 2024-05-29 11:52:41 CEST.

Flavor Version Tinstall Tcheck Ttotal Status Flags
r-devel-linux-x86_64-debian-clang 0.1.0 4.35 42.57 46.92 NOTE
r-devel-linux-x86_64-debian-gcc 0.1.0 3.87 31.84 35.71 NOTE
r-devel-linux-x86_64-fedora-clang 0.1.0 59.35 NOTE
r-devel-linux-x86_64-fedora-gcc 0.1.0 57.37 NOTE
r-devel-windows-x86_64 0.1.0 5.00 57.00 62.00 NOTE
r-patched-linux-x86_64 0.1.0 5.97 40.79 46.76 NOTE
r-release-linux-x86_64 0.1.0 4.50 40.44 44.94 NOTE
r-release-macos-arm64 0.1.0 19.00 NOTE
r-release-windows-x86_64 0.1.0 5.00 55.00 60.00 NOTE
r-oldrel-macos-arm64 0.1.0 24.00 OK
r-oldrel-macos-x86_64 0.1.0 37.00 OK
r-oldrel-windows-x86_64 0.1.0 5.00 60.00 65.00 OK

Check Details

Version: 0.1.0
Check: Rd files
Result: NOTE checkRd: (-1) bhm.mcmc.Rd:37: Lost braces; missing escapes or markup? 37 | where \eqn{N_{ij}} denotes the number of times that the error profile \eqn{i} is cited on a report from hospital {j} and \eqn{y_{ij}} is the corresponding number of times that profile \eqn{i} in hospital \eqn{j} was reported with harm. | ^ Flavors: r-devel-linux-x86_64-debian-clang, r-devel-linux-x86_64-debian-gcc, r-devel-linux-x86_64-fedora-clang, r-devel-linux-x86_64-fedora-gcc, r-devel-windows-x86_64, r-patched-linux-x86_64, r-release-linux-x86_64, r-release-macos-arm64, r-release-windows-x86_64