Last updated on 2023-03-22 09:54:14 CET.
Flavor | Version | Tinstall | Tcheck | Ttotal | Status | Flags |
---|---|---|---|---|---|---|
r-devel-linux-x86_64-debian-clang | 1.4-9.2 | 5.25 | 152.19 | 157.44 | NOTE | |
r-devel-linux-x86_64-debian-gcc | 1.4-9.2 | 3.81 | 116.61 | 120.42 | NOTE | |
r-devel-linux-x86_64-fedora-clang | 1.4-9.2 | 197.58 | NOTE | |||
r-devel-linux-x86_64-fedora-gcc | 1.4-9.2 | 199.54 | NOTE | |||
r-patched-linux-x86_64 | 1.4-9.2 | 4.94 | 150.09 | 155.03 | OK | |
r-release-linux-x86_64 | 1.4-9.2 | 4.85 | 146.18 | 151.03 | OK | |
r-release-macos-arm64 | 1.4-9.2 | 89.00 | OK | |||
r-release-macos-x86_64 | 1.4-9.2 | 139.00 | OK | |||
r-release-windows-x86_64 | 1.4-9.2 | 21.00 | 204.00 | 225.00 | OK | |
r-oldrel-macos-arm64 | 1.4-9.2 | 101.00 | OK | |||
r-oldrel-macos-x86_64 | 1.4-9.2 | 135.00 | OK | |||
r-oldrel-windows-ix86+x86_64 | 1.4-9.2 | 14.00 | 215.00 | 229.00 | OK |
Version: 1.4-9.2
Check: Rd files
Result: NOTE
checkRd: (-1) mebootSpear.Rd:88: Escaped LaTeX specials: \_
checkRd: (-1) ullwan.Rd:5: Escaped LaTeX specials: \&
checkRd: (-1) ullwan.Rd:8: Escaped LaTeX specials: \& \$
Flavors: r-devel-linux-x86_64-debian-clang, r-devel-linux-x86_64-debian-gcc, r-devel-linux-x86_64-fedora-clang, r-devel-linux-x86_64-fedora-gcc