CRAN Package Check Results for Package mcmcsae

Last updated on 2022-11-28 09:50:50 CET.

Flavor Version Tinstall Tcheck Ttotal Status Flags
r-devel-linux-x86_64-debian-clang 0.7.1 110.10 314.11 424.21 WARN
r-devel-linux-x86_64-debian-gcc 0.7.1 85.96 233.33 319.29 WARN
r-devel-linux-x86_64-fedora-clang 0.7.1 546.81 WARN
r-devel-linux-x86_64-fedora-gcc 0.7.1 531.29 WARN
r-devel-windows-x86_64 0.7.1 131.00 372.00 503.00 OK
r-patched-linux-x86_64 0.7.1 91.48 297.93 389.41 OK
r-release-linux-x86_64 0.7.1 95.84 292.21 388.05 OK
r-release-macos-arm64 0.7.1 156.00 NOTE
r-release-macos-x86_64 0.7.1 180.00 NOTE
r-release-windows-x86_64 0.7.1 153.00 362.00 515.00 OK
r-oldrel-macos-arm64 0.7.1 147.00 NOTE
r-oldrel-macos-x86_64 0.7.1 183.00 NOTE
r-oldrel-windows-ix86+x86_64 0.7.1 236.00 501.00 737.00 OK

Check Details

Version: 0.7.1
Check: whether package can be installed
Result: WARN
    Found the following significant warnings:
     chMatrix.c:162:17: warning: a function declaration without a prototype is deprecated in all versions of C [-Wstrict-prototypes]
     mcmcsae_init.c:16:34: warning: a function declaration without a prototype is deprecated in all versions of C [-Wstrict-prototypes]
Flavors: r-devel-linux-x86_64-debian-clang, r-devel-linux-x86_64-fedora-clang

Version: 0.7.1
Check: whether package can be installed
Result: WARN
    Found the following significant warnings:
     chMatrix.c:162:6: warning: function declaration isn’t a prototype [-Wstrict-prototypes]
     mcmcsae_init.c:16:1: warning: function declaration isn’t a prototype [-Wstrict-prototypes]
Flavors: r-devel-linux-x86_64-debian-gcc, r-devel-linux-x86_64-fedora-gcc

Version: 0.7.1
Check: installed package size
Result: NOTE
     installed size is 15.1Mb
     sub-directories of 1Mb or more:
     libs 13.7Mb
Flavors: r-release-macos-arm64, r-release-macos-x86_64, r-oldrel-macos-arm64, r-oldrel-macos-x86_64