CRAN Package Check Results for Package mccr

Last updated on 2022-12-04 09:55:22 CET.

Flavor Version Tinstall Tcheck Ttotal Status Flags
r-devel-linux-x86_64-debian-clang 0.4.4 1.94 21.93 23.87 NOTE
r-devel-linux-x86_64-debian-gcc 0.4.4 1.40 17.64 19.04 NOTE
r-devel-linux-x86_64-fedora-clang 0.4.4 41.00 NOTE
r-devel-linux-x86_64-fedora-gcc 0.4.4 38.32 NOTE
r-devel-windows-x86_64 0.4.4 10.00 48.00 58.00 NOTE
r-patched-linux-x86_64 0.4.4 1.87 21.81 23.68 NOTE
r-release-linux-x86_64 0.4.4 1.90 21.50 23.40 NOTE
r-release-macos-arm64 0.4.4 16.00 NOTE
r-release-macos-x86_64 0.4.4 20.00 NOTE
r-release-windows-x86_64 0.4.4 10.00 51.00 61.00 NOTE
r-oldrel-macos-arm64 0.4.4 17.00 NOTE
r-oldrel-macos-x86_64 0.4.4 25.00 NOTE
r-oldrel-windows-ix86+x86_64 0.4.4 5.00 45.00 50.00 NOTE

Check Details

Version: 0.4.4
Check: LazyData
Result: NOTE
     'LazyData' is specified without a 'data' directory
Flavors: r-devel-linux-x86_64-debian-clang, r-devel-linux-x86_64-debian-gcc, r-devel-linux-x86_64-fedora-clang, r-devel-linux-x86_64-fedora-gcc, r-devel-windows-x86_64, r-patched-linux-x86_64, r-release-linux-x86_64, r-release-macos-arm64, r-release-macos-x86_64, r-release-windows-x86_64, r-oldrel-macos-arm64, r-oldrel-macos-x86_64, r-oldrel-windows-ix86+x86_64