Last updated on 2023-01-29 11:07:40 CET.
Flavor | Version | Tinstall | Tcheck | Ttotal | Status | Flags |
---|---|---|---|---|---|---|
r-devel-linux-x86_64-debian-clang | 1.1.0 | 100.88 | 65.91 | 166.79 | OK | |
r-devel-linux-x86_64-debian-gcc | 1.1.0 | 75.73 | 49.21 | 124.94 | NOTE | |
r-devel-linux-x86_64-fedora-clang | 1.1.0 | 254.95 | OK | |||
r-devel-linux-x86_64-fedora-gcc | 1.1.0 | 223.79 | NOTE | |||
r-devel-windows-x86_64 | 1.1.0 | 88.00 | 114.00 | 202.00 | OK | |
r-patched-linux-x86_64 | 1.1.0 | 80.12 | 63.22 | 143.34 | OK | |
r-release-linux-x86_64 | 1.1.0 | 86.33 | 64.44 | 150.77 | OK | |
r-release-macos-arm64 | 1.1.0 | 57.00 | OK | |||
r-release-macos-x86_64 | 1.1.0 | 74.00 | OK | |||
r-release-windows-x86_64 | 1.1.0 | 112.00 | 114.00 | 226.00 | OK | |
r-oldrel-macos-arm64 | 1.1.0 | 55.00 | OK | |||
r-oldrel-macos-x86_64 | 1.1.0 | 79.00 | OK | |||
r-oldrel-windows-ix86+x86_64 | 1.1.0 | 257.00 | 126.00 | 383.00 | OK |
Version: 1.1.0
Check: C++ specification
Result: NOTE
Specified C++11: please update to current default of C++17
Flavors: r-devel-linux-x86_64-debian-gcc, r-devel-linux-x86_64-fedora-gcc