Last updated on 2023-03-31 10:51:23 CEST.
Flavor | Version | Tinstall | Tcheck | Ttotal | Status | Flags |
---|---|---|---|---|---|---|
r-devel-linux-x86_64-debian-clang | 0.1.15 | 13.65 | 135.70 | 149.35 | OK | |
r-devel-linux-x86_64-debian-gcc | 0.1.15 | 9.35 | 100.64 | 109.99 | OK | |
r-devel-linux-x86_64-fedora-clang | 0.1.15 | 180.62 | NOTE | |||
r-devel-linux-x86_64-fedora-gcc | 0.1.15 | 174.46 | NOTE | |||
r-devel-windows-x86_64 | 0.1.15 | 17.00 | 0.00 | 17.00 | OK | |
r-patched-linux-x86_64 | 0.1.15 | 11.16 | 128.05 | 139.21 | OK | |
r-release-linux-x86_64 | 0.1.15 | 8.44 | 129.59 | 138.03 | OK | |
r-release-macos-arm64 | 0.1.15 | 50.00 | NOTE | |||
r-release-macos-x86_64 | 0.1.15 | 94.00 | NOTE | |||
r-release-windows-x86_64 | 0.1.15 | 15.00 | 160.00 | 175.00 | OK | |
r-oldrel-macos-arm64 | 0.1.15 | 59.00 | NOTE | |||
r-oldrel-macos-x86_64 | 0.1.15 | 76.00 | NOTE | |||
r-oldrel-windows-ix86+x86_64 | 0.1.15 | 26.00 | 154.00 | 180.00 | OK |
Version: 0.1.15
Check: dependencies in R code
Result: NOTE
Namespaces in Imports field not imported from:
‘MASS’ ‘lars’ ‘methods’ ‘parallel’ ‘smoothmest’
All declared Imports should be used.
Flavors: r-devel-linux-x86_64-fedora-clang, r-devel-linux-x86_64-fedora-gcc, r-release-macos-arm64, r-release-macos-x86_64, r-oldrel-macos-arm64, r-oldrel-macos-x86_64