CRAN Package Check Results for Package mc.heterogeneity

Last updated on 2022-11-30 10:51:42 CET.

Flavor Version Tinstall Tcheck Ttotal Status Flags
r-devel-linux-x86_64-debian-clang 0.1.2 8.76 77.50 86.26 NOTE
r-devel-linux-x86_64-debian-gcc 0.1.2 6.95 59.05 66.00 NOTE
r-devel-linux-x86_64-fedora-clang 0.1.2 118.28 NOTE
r-devel-linux-x86_64-fedora-gcc 0.1.2 112.29 NOTE
r-devel-windows-x86_64 0.1.2 25.00 118.00 143.00 NOTE
r-patched-linux-x86_64 0.1.2 7.41 72.97 80.38 NOTE
r-release-linux-x86_64 0.1.2 7.35 74.46 81.81 NOTE
r-release-macos-arm64 0.1.2 31.00 NOTE
r-release-macos-x86_64 0.1.2 47.00 NOTE
r-release-windows-x86_64 0.1.2 18.00 117.00 135.00 NOTE
r-oldrel-macos-arm64 0.1.2 39.00 NOTE
r-oldrel-macos-x86_64 0.1.2 64.00 NOTE
r-oldrel-windows-ix86+x86_64 0.1.2 18.00 101.00 119.00 NOTE

Check Details

Version: 0.1.2
Check: Rd files
Result: NOTE
    checkRd: (-1) mc.lnOR.Rd:7: Escaped LaTeX specials: \&
Flavors: r-devel-linux-x86_64-debian-clang, r-devel-linux-x86_64-debian-gcc, r-devel-linux-x86_64-fedora-clang, r-devel-linux-x86_64-fedora-gcc, r-devel-windows-x86_64

Version: 0.1.2
Check: LazyData
Result: NOTE
     'LazyData' is specified without a 'data' directory
Flavors: r-devel-linux-x86_64-debian-clang, r-devel-linux-x86_64-debian-gcc, r-devel-linux-x86_64-fedora-clang, r-devel-linux-x86_64-fedora-gcc, r-devel-windows-x86_64, r-patched-linux-x86_64, r-release-linux-x86_64, r-release-macos-arm64, r-release-macos-x86_64, r-release-windows-x86_64, r-oldrel-macos-arm64, r-oldrel-macos-x86_64, r-oldrel-windows-ix86+x86_64

Version: 0.1.2
Check: dependencies in R code
Result: NOTE
    Namespace in Imports field not imported from: ‘boot.heterogeneity’
     All declared Imports should be used.
Flavors: r-devel-linux-x86_64-fedora-clang, r-devel-linux-x86_64-fedora-gcc, r-release-macos-arm64, r-release-macos-x86_64, r-oldrel-macos-arm64, r-oldrel-macos-x86_64