Last updated on 2022-05-24 10:51:07 CEST.
Flavor | Version | Tinstall | Tcheck | Ttotal | Status | Flags |
---|---|---|---|---|---|---|
r-devel-linux-x86_64-debian-clang | 2.5.1 | 2.74 | 36.52 | 39.26 | OK | |
r-devel-linux-x86_64-debian-gcc | 2.5.1 | 2.43 | 28.78 | 31.21 | OK | |
r-devel-linux-x86_64-fedora-clang | 2.5.1 | 51.58 | NOTE | |||
r-devel-linux-x86_64-fedora-gcc | 2.5.1 | 36.75 | OK | |||
r-devel-windows-x86_64 | 2.5.1 | 15.00 | 58.00 | 73.00 | OK | |
r-patched-linux-x86_64 | 2.5.1 | 2.19 | 35.60 | 37.79 | OK | |
r-release-linux-x86_64 | 2.5.1 | OK | ||||
r-release-macos-arm64 | 2.5.1 | 20.00 | OK | |||
r-release-macos-x86_64 | 2.5.1 | 30.00 | OK | |||
r-release-windows-x86_64 | 2.5.1 | 17.00 | 58.00 | 75.00 | OK | |
r-oldrel-macos-arm64 | 2.5.1 | 23.00 | OK | |||
r-oldrel-macos-x86_64 | 2.5.1 | 24.00 | OK | |||
r-oldrel-windows-ix86+x86_64 | 2.5.1 | 9.00 | 46.00 | 55.00 | OK |
Version: 2.5.1
Check: Rd cross-references
Result: NOTE
Undeclared package ‘tracerer’ in Rd xrefs
Flavor: r-devel-linux-x86_64-fedora-clang