Last updated on 2023-03-28 10:51:40 CEST.
Flavor | Version | Tinstall | Tcheck | Ttotal | Status | Flags |
---|---|---|---|---|---|---|
r-devel-linux-x86_64-debian-clang | 0.1.2 | 7.05 | 69.62 | 76.67 | NOTE | |
r-devel-linux-x86_64-debian-gcc | 0.1.2 | 5.26 | 51.97 | 57.23 | NOTE | |
r-devel-linux-x86_64-fedora-clang | 0.1.2 | 96.22 | NOTE | |||
r-devel-linux-x86_64-fedora-gcc | 0.1.2 | 102.15 | NOTE | |||
r-patched-linux-x86_64 | 0.1.2 | 5.29 | 65.66 | 70.95 | NOTE | |
r-release-linux-x86_64 | 0.1.2 | 6.23 | 67.61 | 73.84 | NOTE | |
r-release-macos-arm64 | 0.1.2 | 34.00 | OK | |||
r-release-macos-x86_64 | 0.1.2 | 60.00 | OK | |||
r-release-windows-x86_64 | 0.1.2 | 17.00 | 109.00 | 126.00 | OK | |
r-oldrel-macos-arm64 | 0.1.2 | 49.00 | OK | |||
r-oldrel-macos-x86_64 | 0.1.2 | 48.00 | OK | |||
r-oldrel-windows-ix86+x86_64 | 0.1.2 | 16.00 | 99.00 | 115.00 | OK |
Version: 0.1.2
Check: for non-standard things in the check directory
Result: NOTE
Found the following files/directories:
‘utilities.R’
Flavors: r-devel-linux-x86_64-debian-clang, r-devel-linux-x86_64-debian-gcc, r-devel-linux-x86_64-fedora-clang, r-devel-linux-x86_64-fedora-gcc, r-patched-linux-x86_64, r-release-linux-x86_64