CRAN Package Check Results for Package matrixProfile

Last updated on 2022-10-06 09:53:44 CEST.

Flavor Version Tinstall Tcheck Ttotal Status Flags
r-devel-linux-x86_64-debian-clang 0.5.0 3.05 30.28 33.33 NOTE
r-devel-linux-x86_64-debian-gcc 0.5.0 2.21 23.83 26.04 NOTE
r-devel-linux-x86_64-fedora-clang 0.5.0 52.08 NOTE
r-devel-linux-x86_64-fedora-gcc 0.5.0 49.85 NOTE
r-devel-windows-x86_64 0.5.0 15.00 59.00 74.00 NOTE
r-patched-linux-x86_64 0.5.0 2.01 29.97 31.98 NOTE
r-release-linux-x86_64 0.5.0 2.89 29.33 32.22 NOTE
r-release-macos-arm64 0.5.0 19.00 NOTE
r-release-macos-x86_64 0.5.0 24.00 NOTE
r-release-windows-x86_64 0.5.0 9.00 55.00 64.00 NOTE
r-oldrel-macos-arm64 0.5.0 24.00 NOTE
r-oldrel-macos-x86_64 0.5.0 32.00 NOTE
r-oldrel-windows-ix86+x86_64 0.5.0 7.00 53.00 60.00 NOTE

Check Details

Version: 0.5.0
Check: LazyData
Result: NOTE
     'LazyData' is specified without a 'data' directory
Flavors: r-devel-linux-x86_64-debian-clang, r-devel-linux-x86_64-debian-gcc, r-devel-linux-x86_64-fedora-clang, r-devel-linux-x86_64-fedora-gcc, r-devel-windows-x86_64, r-patched-linux-x86_64, r-release-linux-x86_64, r-release-macos-arm64, r-release-macos-x86_64, r-release-windows-x86_64, r-oldrel-macos-arm64, r-oldrel-macos-x86_64, r-oldrel-windows-ix86+x86_64