CRAN Package Check Results for Package matchmaker

Last updated on 2022-12-03 10:51:24 CET.

Flavor Version Tinstall Tcheck Ttotal Status Flags
r-devel-linux-x86_64-debian-clang 0.1.1 3.31 41.15 44.46 NOTE
r-devel-linux-x86_64-debian-gcc 0.1.1 2.78 32.25 35.03 NOTE
r-devel-linux-x86_64-fedora-clang 0.1.1 68.15 NOTE
r-devel-linux-x86_64-fedora-gcc 0.1.1 63.83 NOTE
r-devel-windows-x86_64 0.1.1 18.00 72.00 90.00 NOTE
r-patched-linux-x86_64 0.1.1 3.70 39.56 43.26 NOTE
r-release-linux-x86_64 0.1.1 3.37 39.75 43.12 NOTE
r-release-macos-arm64 0.1.1 24.00 NOTE
r-release-macos-x86_64 0.1.1 29.00 NOTE
r-release-windows-x86_64 0.1.1 18.00 79.00 97.00 NOTE
r-oldrel-macos-arm64 0.1.1 24.00 NOTE
r-oldrel-macos-x86_64 0.1.1 29.00 NOTE
r-oldrel-windows-ix86+x86_64 0.1.1 8.00 66.00 74.00 NOTE

Check Details

Version: 0.1.1
Check: LazyData
Result: NOTE
     'LazyData' is specified without a 'data' directory
Flavors: r-devel-linux-x86_64-debian-clang, r-devel-linux-x86_64-debian-gcc, r-devel-linux-x86_64-fedora-clang, r-devel-linux-x86_64-fedora-gcc, r-devel-windows-x86_64, r-patched-linux-x86_64, r-release-linux-x86_64, r-release-macos-arm64, r-release-macos-x86_64, r-release-windows-x86_64, r-oldrel-macos-arm64, r-oldrel-macos-x86_64, r-oldrel-windows-ix86+x86_64