Last updated on 2023-03-29 09:50:53 CEST.
Flavor | Version | Tinstall | Tcheck | Ttotal | Status | Flags |
---|---|---|---|---|---|---|
r-devel-linux-x86_64-debian-clang | 0.9.1 | 167.81 | 307.38 | 475.19 | NOTE | |
r-devel-linux-x86_64-debian-gcc | 0.9.1 | 144.04 | 226.50 | 370.54 | NOTE | |
r-devel-linux-x86_64-fedora-clang | 0.9.1 | 651.80 | NOTE | |||
r-devel-linux-x86_64-fedora-gcc | 0.9.1 | 662.90 | NOTE | |||
r-devel-windows-x86_64 | 0.9.1 | 243.00 | 0.00 | 243.00 | NOTE | |
r-patched-linux-x86_64 | 0.9.1 | 160.03 | 299.02 | 459.05 | NOTE | |
r-release-linux-x86_64 | 0.9.1 | 147.54 | 294.11 | 441.65 | OK | |
r-release-macos-arm64 | 0.9.1 | 147.00 | NOTE | |||
r-release-macos-x86_64 | 0.9.1 | 194.00 | NOTE | |||
r-release-windows-x86_64 | 0.9.1 | 263.00 | 390.00 | 653.00 | OK | |
r-oldrel-macos-arm64 | 0.9.1 | 143.00 | NOTE | |||
r-oldrel-macos-x86_64 | 0.9.1 | 194.00 | NOTE | |||
r-oldrel-windows-ix86+x86_64 | 0.9.1 | 404.00 | 427.00 | 831.00 | OK |
Version: 0.9.1
Check: C++ specification
Result: NOTE
Specified C++11: please drop specification unless essential
Flavors: r-devel-linux-x86_64-debian-clang, r-devel-linux-x86_64-debian-gcc, r-devel-linux-x86_64-fedora-clang, r-devel-linux-x86_64-fedora-gcc, r-devel-windows-x86_64, r-patched-linux-x86_64
Version: 0.9.1
Check: installed package size
Result: NOTE
installed size is 10.3Mb
sub-directories of 1Mb or more:
libs 8.6Mb
Flavors: r-release-macos-arm64, r-release-macos-x86_64, r-oldrel-macos-arm64, r-oldrel-macos-x86_64